the value of -21 - (8 + 7 - (-5 - -22))?
-19
What is the value of 18 + (-7 - -5) + (1468 - 1446)?
38
-92 - (-135 - -113) - (-1 + -1)
-68
Evaluate (-11 - (-35 - -20 - (74 + 1))) + -11.
68
(19 + -2 + 1 - (-1 + 11) - 34) + 3
-23
What is (-1 + -25 - (-45 + -3) - 81) + (0 - -10)?
-49
Calculate -37 + 1 - (40 + (-21 - -11) + -13 + -11).
-42
Evaluate 0 - -3 - (-8 + 1 - (-18 - -9) - 39).
40
Calculate (6 - 5 - (-2 + -3)) + -2 + (0 - 59).
-55
Evaluate 95 - (1 + 2 + -6 + (80 - 59)).
77
Evaluate (-13 - (-17 - -2) - -21) + -64.
-41
-49 + 0 + 0 + (2 - 0) - (1028 + -1029)
-46
What is 103 + 110 + -223 + -9?
-19
What is the value of 5091 + -5169 - (-96 - -1)?
17
Evaluate 163 - (128 - 96) - 107.
24
What is (-130 - -19) + 113 - 89?
-87
Evaluate (42 - (44 + 40)) + 7 + -3 - (-5 - 1).
-32
Calculate 0 + -2 + 80 + (0 + -49 - (1737 + -1801)).
93
Calculate (2 - -88) + -109 - (19 - -2).
-40
Evaluate -7 - (-1 - -5 - (-7 + 3 + -24)).
-39
What is 33 + -11 + 46 - (0 + (7 - 5) - 9)?
75
Evaluate (15 - 24 - (-9 + 1 + 6)) + -29.
-36
Calculate -65 + -25 + 9 + (0 + -4 - -5).
-80
What is the value of -23 + 32 - 32 - -34 - -22?
33
What is -11 + 9 + 7 + -1 + -1 - -43?
46
What is -17 - -5 - (-22 - (42 + -55) - (-11 - -2))?
-12
Evaluate 21 + -1 - (1020 + -864) - 7.
-143
What is -47 + 127 + -156 + 75?
-1
What is the value of 56 + (-10 - (1 + 3)) - 25?
17
Evaluate -81 + 38 + 50 - (56 - 0).
-49
Evaluate -3 + (-4 - -8) + 1 + (96 - 134) - 1.
-37
Calculate -14 - (15 - (31 + -83 - 23)).
-104
What is the value of (-35 - -2) + (-8 - ((-10 - -29 - 21) + 2))?
-41
What is the value of (98 - 148) + (30 - -5)?
-15
What is -28 + 34 + (-2 - 0) - -42?
46
-17 - (7 + 3) - (-29 + 0)
2
Calculate 1 - -2 - -83 - (180 + -359 - -165).
100
What is the value of (401 - 415) + -12 + (-5 - (1 + -4 - 4))?
-24
Evaluate 57 + -40 + -57 + -65 + 15.
-90
What is -2 - (-74 - (-50 - 1))?
21
7 + -13 + (1 - -4) + (5 - -26)
30
What is (7 - (9 + 8 + -12)) + 3 + 3 + 37?
45
Evaluate (-56 - 72) + 13 + 120.
5
Evaluate -37 + -44 + 68 - ((0 - 16) + 0) - -107.
110
Evaluate 37 + -2 + -1954 + 1932.
13
What is 4 + -6 - (-6 - (11 - 7)) - 49?
-41
Calculate -16 - (-50 - -31 - -4).
-1
Calculate 80 + (-20 - -16) + -20 + 9 + -19.
46
Evaluate -123 + -24 + 431 + -149.
135
What is the value of -52 - -17 - (-9 + -3 + 9 + 3)?
-35
Evaluate (-21 - -93 - 40) + -9 + -161.
-138
Calculate 18 + -63 - ((-4 - 10) + 3 + 2).
-36
68 - 0 - (358 - 316)
26
What is (-1 + -2 - (3 + -39)) + (938 - 930)?
41
Calculate -3 + 11 - (79 - ((-11 - 4) + 38)).
-48
-7 - (67 + -74 - (4 - (7 - 0 - 0)))
-3
What is the value of (-11 - (-13 - -98)) + 20?
-76
Evaluate 4 + -1 + (1 - -10) + (72 - 65) + 16.
37
2 - 0 - (-4 + 2 + 28 + 11 + -6)
-29
Calculate (13 - 6) + (3 - 1 - -47) + -9.
47
Evaluate (-42 - (17 - 29)) + 47 + -15.
2
Calculate (21 + -15 + 14 - 7) + -15 - (0 - 56).
54
What is the value of 17 - (9 + -9 - 6)?
23
((-28 - -8) + -50 - 28) + 26
-72
Calculate 1 + -1 + -6 + 3 + (38 + 1 - 72).
-36
What is the value of -153 - (1 - (21 - (-2 + 8 + 0)) - -5)?
-144
Calculate -16 + -1 + 520 + -554.
-51
What is -23 + (28 - 9 - (3 + 69)) - (-1 - -7)?
-82
Evaluate 0 + (-13 - -1) + -3 + (8 - -11).
4
What is (-16 - -15) + (-14 - -4) + 10 + (-19 - 9)?
-29
Calculate (-250 - -237) + -33 + -1 + 4.
-43
Calculate -13 - -13 - -11 - 18 - (-12 + 0).
5
Evaluate -3 + 45 + (67 - 27 - 36).
46
Evaluate 5 + -13 + (65 - (20 + -4)).
41
Calculate (-65 - -2 - (-12 - (3 - (26 - 13)))) + -3.
-64
14 - (-9 + (10 + -2 - 1) + 83)
-67
Calculate -41 - (19 + -24 + 6).
-42
What is (0 - -1) + 50 - (96 - (104 + -18))?
41
Calculate 40 + (0 + 5 - (1 + (-6 - (-9 - -4)))).
45
Evaluate 8 + 1 + 1 + -4 - (2397 + -2365).
-26
What is the value of 62 + (-113 - (19 - 191))?
121
-21 + -75 - (46 - 115)
-27
Evaluate 1 + (25 - 22) + (12 - (-6 - -2)).
20
Calculate -11 + -68 + 45 + 70.
36
What is the value of -163 + 24 - -127 - (1 - 12)?
-1
-13 + 4 + -10 + 0 + 19 + -4 - 4
-8
Calculate -11 - (-30 + 18 - -10).
-9
What is the value of 13 + (-1 - (4 + 2 + -19)) + -46?
-21
34 + 1 + (0 + (7 - -4) - (34 - 15))
27
1396 + -1362 + (8 - (3 - 6))
45
Calculate -90 + (142 - 51) + 45.
46
What is (49 - (189 + -119)) + (-1 - 76 - 3)?
-101
Calculate 18 + (-26 - -54) - (-4 - (-11 - -3)).
42
-16 + 6 + (-3 + 117 - 9 - (1 + 9))
85
What is -86 + 56 + 101 - 41?
30
(40 - 74 - -31) + 30
27
What is 14 - ((5 - -14) + -12) - 2?
5
What is (-18 - -10) + (-7 - 1 - -13) + 4?
1
Calculate (12 - -5) + -75 + (-51 - -80).
-29
Evaluate 12 + -21 + 12 + 5 - 6 - (37 + 1).
-36
Calculate -35 - ((-18 - -30 - -19) + -17).
-49
(-1 - -15) + -18 + 25 - -8
29
What is the value of (108 - 48) + -2 - (14 + -2 + 1)?
45
Evaluate -3 - (-49 + 10 + 32 + -1 + 1 + 1).
3
Calculate (114 - 246) + 8 - -75.
-49
(8 + -15 - -5) + (13 - -12 - 29)
-6
Evaluate (0 - 12) + (-8 + -1 - (616 - 624)).
-13
-15 - (35 - -42) - -62
-30
What is the value of 103 - (263 + -231) - (3 + -14 - (1 - 0))?
83
What is -11 + (-30 - -23) - 4?
-22
-20 + (-1 - -14) + -960 + 943
-24
Evaluate -142 + 77 + 34 - (-74 + -3).
46
What is the value of -63 + (77 - 41) + 82?
55
Evaluate 19 - (-17 - -7) - 42.
-13
What is 6 + 4 + -11 + 0 + 1 + 33?
33
What is 0 + 13 + 0 + 29 + -1 + 9?
50
What is -84 + 9 + 56 - 75?
-94
Calculate (8 - -3) + 47 + -19.
39
What is the value of 68 + (57 - 87) - 19 - (2 - -45)?
-28
What is 1775 - 1643 - (-3 - -69)?
66
Calculate 69 + 1 + (17 - 16) + 11 + 39 + -41.
80
Evaluate 7 + 60 + -148 - -94.
13
What is the value of -135 - (-123 - (84 - 165))?
-93
Evaluate (0 + -1 - 9) + 10 + 14 + (51 - 78).
-13
Calculate (-11 - 7) + 71 - (-4 + 23).
34
(72 - 31) + -77 - -18
-18
What is 2 + (9 - ((0 - 10) + -29 + 36 + -8))?
22
Calculate -1 + -67 + -1 - (37 + -3 + (-68 - -27)).
-62
Evaluate -58 + 139 - (31 - -48).
2
What is the value of -21 - (-38 + 7 + 13) - -24?
21
Calculate -4 + 52 + 301 + -391.
-42
Evaluate -128 + 10 + -9 + (370 - 344).
-101
What is the value of -1 - 60 - (6 + -13 + (16 - 40 - -26))?
-56
Evaluate -578 + 625 - (-2 + -7 + 17).
39
-1 + (10 - 4) - (-68 + 93)
-20
What is the value of -109 + 105 + (2 - 1) + -10?
-13
0 + 72 - (563 + -541)
50
(-13 - (0 - 0)) + -1 + -6 - (6 - -5)
-31
What is -66 + (-1 - -2) + 39 + -12 + -41?
-79
What is 40 + -3 + -76 - (-11 + -4 + -1 + 6)?
-29
What is (-11 - (-15 - -9)) + (18 - -33)?
46
(12 - -42 - 42) + 6
18
Evaluate -11 - (-14 + 15 + 13 - 27 - -8).
-6
Evaluate (3 - 2 - (7 + -22 - -25)) + (6 - -3).
0
What is the value of -204 - (135 + -361) - (5 - (2 + 0))?
19
Calculate (-42 + 50 - (11 + 0)) + -3 + -10.
-16
Evaluate 16227 + -16309 + (10 - -1) + 1.
-70
24 + (25 - (-34 - -28 - -33))
22
Calculate -4 + ((4 - 2) + -9 - (-13 - -17)).
-15
Calculate -145 - -23 - (-10 + (-9 - -27) - (0 + 19)).
-111
Calculate -74 + (112 - 40) + 1 - (5 + 1 - 1).
-6
Calculate 15 + (-4 - (3 + -22)).
30
What is the value of (-44 - (-174 + 87)) + 17?
60
6 + -2 - (-62 - (-84 + 30))
12
What is the value of -22 - ((4 + -1 - (231 + -238)) + -3)?
-29
What is the value of 0 - -9 - ((-14 - (-1 + -9) - -9) + 74)?
-70
What is the value of 28 - (19 + -13) - (6 - -19) - 98?
-101
What is the value of 47 + (60 - (167 - -2))?
-62
(-38 - (-24 - -29)) + (9 - (0 - 8))
-26
What is 9 + (-78 + -3 - (203 + -211))?
-64
(-25 + 45 + -28 - (-1 - 40)) + (-6 - -16)
43
What is the value of -5 - ((-16 - -4) + 4 - (-40 + 108) - -3)?
68
What is -53 + (-14 + 7 - (4 + -19)) + -14 + 1?
-58
(-64 - (-159 - -85)) + -6 + -55
-51
What is (538 - 555) + 1 + -75 - 20?
-111
16 + 63 + (2 - (-17 - (-18 - 12)))
68
What is the value of -4 + -28 - (123 - 137) - 124?
-142
Calculate -7 + (-12 - 11 - 4) + -3.
-37
7 + -76 + (8 - 6) + 10 + 3
-54
What is 17 + 1 - (259 + (278 - 530))?
11
Calculate 58 + (6 - 36) - (90 + 13).
-75
What is (57 - 77) + (2 + -7 - -9 - -34)?
18
Calculate 10 + (0 - -129 - -1) + (-68 + 49 - -11).
132
What is (1 + (-7 - -13) - (68 - 67)) + 13?
19
Evaluate -24 + -42 + (34 - 76 - -42).
-66
Calculate 30 + 33 + -88 + 46 + (10 - 0).
31
140 - (14 + (69 + -39 - 12))
108
Calculate 116 + -137 - 99 - -41.
-79
What is -8 + 1 - (-109 - (-47 + -115))?
-60
Calculate (-16 - (-6 - (-18 - -23))) + 25 - 10.
10
8748 + -8715 + -100 + 1
-66
What is (3 - 0) + (-3840 - -3816)?
-21
Calculate -16 - (138 + -66 - 44).
-44
Evaluate -4 + -8 + -5 + -4 + 11.
-10
What is the value of -1447 - -1451 - (2 - (-13 - (0 + -1))) - 6?
-16
Calculate (-1 - -4) + (-5 - -20) + -4.
14
What 